7574 = 0, 2*s - 5072 = -3*n. What is the units digit of s?
0
Let n be 54/(-9)*(1 - (-5)/(-3)). Suppose -n*g + 0*g = -328. What is the tens digit of g?
8
Let t(h) = 8*h**2 + 12*h - 14. Let s(w) = -5*w + 35. Let n be s(6). What is the units digit of t(n)?
6
Suppose -5*v - 4*n + 1687 = 0, -v - 68 = 5*n - 397. What is the hundreds digit of v?
3
Let y = -153 + 258. Suppose y + 61 = o. What is the hundreds digit of o?
1
Let c be -1*(4 - (22 - 3)). Suppose -3*v = -8*v + c. What is the units digit of v?
3
Let b be 3/(99/(-6)) - 942/22. Let q = 66 + b. What is the tens digit of q?
2
Let j = -564 + 810. Let h = 483 - j. What is the units digit of h?
7
Suppose 48*y - 45256 = 40*y. What is the tens digit of y?
5
Let i(c) = c**2 - 14*c - 2. Let o = 14 - -3. What is the units digit of i(o)?
9
Let f = 14 - 9. Let w(m) = 4*m**2 - 2*m - 3. Let l be w(f). Suppose -l = -2*b - b. What is the tens digit of b?
2
Let k = 30 + -27. Suppose -303 = k*l - 6*l. What is the tens digit of l?
0
Suppose 31 = 3*c + w, c - 3*w = 3*c - 30. Suppose -c*n + 108 = -7*n. What is the units digit of n?
4
Suppose 12818 = 12*r - 3682. What is the hundreds digit of r?
3
What is the tens digit of 3276/10 - (-40)/100?
2
Let a(n) = n**3 - 8*n**2 + 13*n - 3. Let v be a(5). Let y(i) = i + 54. What is the tens digit of y(v)?
4
Suppose 3*r - 2*r + 5 = 0. Let c(i) = 8 - 16 + 6*i + 5 + 2*i**2. What is the tens digit of c(r)?
1
Let j(z) be the second derivative of z**5/20 + z**4/3 - z**2 - 5*z. Let a be j(-5). Let n = 77 + a. What is the units digit of n?
0
Let d = -6066 + 8641. What is the units digit of d?
5
Suppose 0*l - 16 = -4*l. What is the tens digit of l/(-30) + 3985/75?
5
Let o = -168 - -42. Let x = 195 + o. What is the tens digit of x?
6
Suppose -4*r = 0, -g - 3*g - 4*r + 1164 = 0. What is the hundreds digit of g?
2
Let r(l) = 15*l + 20. Let w be r(11). Let d = -118 + w. Let k = d - 25. What is the units digit of k?
2
Let g = -53 - -183. Suppose -2*v = 3*v - g. What is the tens digit of v?
2
Suppose 151*m - 8032 = 155*m. What is the tens digit of 2/(-3) + m/(-24)?
8
Let w(v) = v**2 + 6*v - 4. Let y be w(-7). Suppose 4*d - y*c = 43, 32 = 2*d + c + c. Let o(z) = z**3 - 13*z**2 + 2*z + 13. What is the tens digit of o(d)?
3
Let n(h) = -25*h + 901. What is the units digit of n(0)?
1
What is the hundreds digit of (1 - 37/(-4))*40?
4
Suppose 0 = -2*i - 8*i + 4630. What is the units digit of i?
3
Suppose 2*c + 5*q - 57 = c, q = 3*c - 171. Suppose -c = -5*v + 38. What is the tens digit of v?
1
Let c = 41 - 37. Suppose 4*p = -5*t + 247, 0 = -5*t - c - 1. What is the tens digit of p?
6
Let i(b) = -2*b**3 + 2*b**2 - b + 3. Let h be i(2). What is the units digit of 1 - (-8 - (h + 4))?
6
Suppose 5*s + f - 29 = -2*f, -11 = -5*s + 3*f. Let h be (762/s)/((-6)/36). What is the units digit of (-3)/(-5) - h/45?
6
Suppose 1136 + 23956 = 18*g. What is the thousands digit of g?
1
Suppose 0 = -2*h + 4*p - 56, -3*p = 5*h - 81 + 273. Let t = 69 + h. Suppose t = v - 0*v. What is the units digit of v?
3
Let n(h) = -h**3 - 6*h**2 - 6*h + 4. Let f be n(-6). Let x be 10/f + (-2)/8. Suppose y - 3*y + 62 = x. What is the units digit of y?
1
What is the thousands digit of -2 - 7066/(-6) - 74/111?
1
Suppose 0 = -2*d + d - 36. Let y = d - -64. What is the units digit of y?
8
Suppose -34401 = -8*b - 9777. What is the hundreds digit of b?
0
Let c(q) = -q**2 - 12*q - 2. Let l be c(-10). Suppose -2*s + 4*s = 3*w + l, w = 3*s - 13. Let a(p) = -p**2 - 4*p + 5. What is the units digit of a(w)?
5
Suppose -3*w = -55 - 11. Let z = w - 8. What is the tens digit of z?
1
What is the units digit of (99/198)/(-2*(-1)/1356)?
9
Let i = -65 + 56. What is the units digit of ((9/2)/(-3))/(i/18)?
3
Let m(q) = -q**2 - 18*q - 19. Let s be -1*4/8*24. Let w be (-1 - 32/s)*-9. What is the tens digit of m(w)?
2
Let x = 69 - -229. What is the tens digit of x?
9
Let u(g) = 6 - 4*g**2 - g - 2*g + 5*g**2. Suppose 3*d + 2*o + 24 = 8*d, -3*o - 21 = -5*d. What is the units digit of u(d)?
4
Let y = -201 + 348. Let b = -79 + y. What is the units digit of b?
8
What is the units digit of 16929/132 - (-6)/8?
9
Suppose 6*a = 3*a + 15. Suppose 3*h = 2*h + 2. Suppose -h*v = 3*x - 7, 3*v - 4 + 3 = a*x. What is the units digit of x?
1
Let z(o) = 6*o**3 + 10*o**2 - 20*o - 6. What is the hundreds digit of z(7)?
4
Let i(c) = -c**2 + 46*c + 88. What is the units digit of i(22)?
6
Let u(h) = h**2 + 5*h - 341. What is the hundreds digit of u(19)?
1
Suppose 1165 = z + 30*r - 28*r, 0 = -3*z - 3*r + 3480. What is the hundreds digit of z?
1
Let g(h) = 3*h - 6. Let w be g(4). Let i(z) = z**2 - z - 9. What is the units digit of i(w)?
1
Let z = -54 - -52. What is the units digit of 519/z*(-42)/63?
3
Suppose 176*q = 169*q + 7721. What is the tens digit of q?
0
Let p = 17 - 20. Let u(o) = o**3 + 3*o**2 + 4. Let i be u(p). Suppose 2*k - 5*k + 170 = -g, 2*k + i*g = 132. What is the units digit of k?
8
Let r = 55 - 55. Let m(x) = x**3 - x + 10. What is the tens digit of m(r)?
1
Suppose 0*i - 5*i - 842 = -2*c, 5*i + 2120 = 5*c. What is the hundreds digit of c?
4
Suppose 554 + 681 = 5*c. Let k = -387 + c. Let u = k + 204. What is the tens digit of u?
6
Suppose -987 - 725 = -16*j. What is the hundreds digit of j?
1
Let k = -76 + 141. Let x = k - -34. What is the tens digit of x?
9
What is the hundreds digit of ((-3)/63*-7)/(4/16104)?
3
Suppose -3*g - 605 = 55. Let r be g/30*(-6)/(-4). Let p = r - -12. What is the units digit of p?
1
Let y = 213 - 403. Let w = -112 - y. Suppose 9*u - 6*u = w. What is the units digit of u?
6
Let f(z) = -2*z - 6. Let k be f(-4). Suppose 22 + 38 = 4*m. Suppose 3*u - 3*n - 85 = -k*n, -3*n + m = u. What is the tens digit of u?
2
Let x = 643 - 148. What is the tens digit of x?
9
What is the units digit of 825 + -19 + 4 + 7?
7
Suppose 48*s + 1519 = 55*s. What is the units digit of s?
7
Suppose -2*n + 3*n - 8 = 0. Let t(h) = h**2 - 8*h + 5. Let z be t(n). Suppose -p = -3*p - z*o + 21, -2*p - 2*o + 12 = 0. What is the units digit of p?
3
Suppose 1026 - 42 = 3*c. What is the tens digit of c?
2
Suppose -121*i = -116*i. Suppose -2*b + i*p - 5*p = -567, 4*b = 3*p + 1173. What is the units digit of b?
1
Let f(w) = 18*w + 135. What is the tens digit of f(31)?
9
Let k(n) = -n**3 - 3*n**2 + n + 6. Let f(i) = -i + 1. Let a be (-2)/7 + 25/(-35). Let s(o) = a*k(o) + 2*f(o). What is the units digit of s(-3)?
5
Let t be -3 + -8 + 1 + 0. Let b be (-186)/(-8) + (-3)/12. Let y = b + t. What is the units digit of y?
3
Let w = -14 - -19. Suppose 10*r - w*r - 685 = 0. Suppose -15 = -4*o + r. What is the units digit of o?
8
Suppose 2*p + 20 = -2*v + 4*p, -2*v + 10 = 4*p. Suppose 0 = -5*c + 4*i - 12, -c + 26 = -5*c - 5*i. Let x = c - v. What is the units digit of x?
1
Let i = 25 + -33. Let j = 74 + i. What is the tens digit of j?
6
Suppose f = -0*f - 2*w + 290, 5*f + w - 1441 = 0. What is the hundreds digit of f?
2
What is the units digit of (-74742)/(-14) + (-23)/((-1449)/18)?
9
What is the units digit of 4/(-3) - 34240/(-192)?
7
Suppose 2*l - 26 = -16. Suppose 20 = -4*m, -3*g - 3*m + l = -4. Suppose -2*a - 318 = -g*a. What is the units digit of a?
3
Let u(b) = 45*b - 147. What is the units digit of u(24)?
3
Suppose -3*q = -15, 4*j - 76*q + 72*q - 4692 = 0. What is the hundreds digit of j?
1
Suppose 2*c + 3*n - 1094 = -3*c, 0 = 4*c - n - 882. Suppose -2*w = -0*w - 2*o - 94, -2*o = -5*w + c. What is the units digit of w?
2
Let f(n) = -3*n + 27. Let v(x) = -5*x + 40. Let r(k) = 7*f(k) - 5*v(k). Let l be r(8). Let s = -7 + l. What is the units digit of s?
4
Suppose 3*y = -y + 4*j + 32, -4*y - 4 = 5*j. Suppose y*q = -4*s + 8, 6*s - 3*s = q + 18. Suppose -s*u - 140 = -10*u. What is the tens digit of u?
2
Let l be 40/12 + (-2)/(-3). What is the units digit of 330/9 - l/(-12)?
7
Suppose -14*s + 18 = -12*s. Suppose -5*x + 1248 = -4*k, 2*k = -3 + s. What is the units digit of x?
2
Let p be ((-13)/3 + (6 - 2))*-3. What is the tens digit of -1 + (1*(2 + p) - -70)?
7
Let h = 3 - 1. Suppose -3*x = 2*x + 5*y + 115, -h*y = 6. Let m = 34 + x. What is the tens digit of m?
1
Let s = -43 - -110. Suppose s = 5*x - 203. What is the tens digit of x?
5
Suppose 26 = -5*b + 2*t, 5*b + t = 4*t - 29. Let j be (1 + -1)/(12/b). Suppose -x + j + 10 = 0. What is the units digit of x?
0
Suppose -j = -9 + 1. S